ed by 21?
18
What is the remainder when 68 is divided by 21?
5
What is the remainder when 227 is divided by 47?
39
What is the remainder when 2592 is divided by 260?
252
What is the remainder when 44458 is divided by 38?
36
What is the remainder when 1988 is divided by 166?
162
Calculate the remainder when 255 is divided by 24.
15
What is the remainder when 426 is divided by 39?
36
What is the remainder when 1259 is divided by 311?
15
What is the remainder when 86 is divided by 49?
37
Calculate the remainder when 132 is divided by 32.
4
Calculate the remainder when 2805 is divided by 410.
345
Calculate the remainder when 46 is divided by 8.
6
What is the remainder when 15 is divided by 6?
3
What is the remainder when 5875 is divided by 26?
25
Calculate the remainder when 1214 is divided by 203.
199
What is the remainder when 15 is divided by 8?
7
What is the remainder when 165 is divided by 71?
23
What is the remainder when 635 is divided by 71?
67
What is the remainder when 18182 is divided by 21?
17
Calculate the remainder when 519 is divided by 168.
15
Calculate the remainder when 94 is divided by 39.
16
What is the remainder when 289 is divided by 14?
9
Calculate the remainder when 663 is divided by 110.
3
Calculate the remainder when 1487 is divided by 167.
151
Calculate the remainder when 2317 is divided by 40.
37
Calculate the remainder when 66 is divided by 29.
8
Calculate the remainder when 168 is divided by 10.
8
Calculate the remainder when 688 is divided by 209.
61
What is the remainder when 16586 is divided by 52?
50
What is the remainder when 114 is divided by 23?
22
What is the remainder when 92 is divided by 23?
0
What is the remainder when 1598 is divided by 25?
23
Calculate the remainder when 4453 is divided by 34.
33
Calculate the remainder when 201 is divided by 80.
41
Calculate the remainder when 70 is divided by 4.
2
Calculate the remainder when 15 is divided by 12.
3
Calculate the remainder when 340 is divided by 43.
39
Calculate the remainder when 226 is divided by 76.
74
Calculate the remainder when 6177 is divided by 23.
13
What is the remainder when 26 is divided by 24?
2
What is the remainder when 217 is divided by 6?
1
Calculate the remainder when 90 is divided by 19.
14
What is the remainder when 207 is divided by 8?
7
What is the remainder when 1527 is divided by 492?
51
What is the remainder when 3836 is divided by 953?
24
Calculate the remainder when 36061 is divided by 196.
193
Calculate the remainder when 80 is divided by 43.
37
What is the remainder when 1453 is divided by 104?
101
What is the remainder when 116 is divided by 42?
32
Calculate the remainder when 149 is divided by 22.
17
What is the remainder when 395 is divided by 12?
11
Calculate the remainder when 670 is divided by 31.
19
What is the remainder when 60 is divided by 33?
27
Calculate the remainder when 90 is divided by 27.
9
Calculate the remainder when 26 is divided by 21.
5
What is the remainder when 73 is divided by 48?
25
Calculate the remainder when 1005 is divided by 7.
4
What is the remainder when 145 is divided by 89?
56
What is the remainder when 3442 is divided by 65?
62
Calculate the remainder when 605 is divided by 16.
13
What is the remainder when 1326 is divided by 442?
0
Calculate the remainder when 1063 is divided by 7.
6
What is the remainder when 41 is divided by 28?
13
What is the remainder when 47 is divided by 32?
15
Calculate the remainder when 895 is divided by 68.
11
Calculate the remainder when 234 is divided by 70.
24
What is the remainder when 330 is divided by 106?
12
Calculate the remainder when 954 is divided by 87.
84
What is the remainder when 462 is divided by 16?
14
What is the remainder when 221 is divided by 82?
57
Calculate the remainder when 86 is divided by 15.
11
What is the remainder when 96 is divided by 94?
2
Calculate the remainder when 17 is divided by 16.
1
What is the remainder when 178 is divided by 45?
43
Calculate the remainder when 89 is divided by 49.
40
What is the remainder when 3352 is divided by 35?
27
What is the remainder when 1440 is divided by 76?
72
Calculate the remainder when 785 is divided by 25.
10
Calculate the remainder when 340 is divided by 38.
36
Calculate the remainder when 88 is divided by 32.
24
Calculate the remainder when 245 is divided by 234.
11
Calculate the remainder when 2417 is divided by 186.
185
What is the remainder when 882 is divided by 870?
12
What is the remainder when 3439 is divided by 61?
23
Calculate the remainder when 55 is divided by 31.
24
Calculate the remainder when 352 is divided by 90.
82
What is the remainder when 395 is divided by 99?
98
Calculate the remainder when 386 is divided by 136.
114
What is the remainder when 862 is divided by 32?
30
Calculate the remainder when 159 is divided by 42.
33
Calculate the remainder when 109 is divided by 50.
9
Calculate the remainder when 610 is divided by 68.
66
Calculate the remainder when 75 is divided by 21.
12
Calculate the remainder when 872 is divided by 197.
84
Calculate the remainder when 52 is divided by 38.
14
Calculate the remainder when 327 is divided by 111.
105
Calculate the remainder when 328 is divided by 22.
20
Calculate the remainder when 65 is divided by 16.
1
What is the remainder when 4535 is divided by 47?
23
What is the remainder when 159 is divided by 8?
7
What is the remainder when 123 is divided by 19?
9
Calculate the remainder when 7398 is divided by 25.
23
What is the remainder when 329 is divided by 30?
29
What is the remainder when 474 is divided by 17?
15
What is the remainder when 68 is divided by 24?
20
Calculate the remainder when 57 is divided by 34.
23
Calculate the remainder when 95 is divided by 14.
11
Calculate the remainder when 3907 is divided by 23.
20
Calculate the remainder when 122 is divided by 32.
26
Calculate the remainder when 139 is divided by 10.
9
Calculate the remainder when 1118 is divided by 59.
56
What is the remainder when 160 is divided by 58?
44
What is the remainder when 2104 is divided by 117?
115
Calculate the remainder when 517 is divided by 209.
99
Calculate the remainder when 68 is divided by 18.
14
What is the remainder when 3511 is divided by 184?
15
What is the remainder when 280 is divided by 19?
14
Calculate the remainder when 1524 is divided by 76.
4
What is the remainder when 865 is divided by 43?
5
What is the remainder when 3694 is divided by 66?
64
Calculate the remainder when 647 is divided by 59.
57
Calculate the remainder when 180 is divided by 23.
19
What is the remainder when 1879 is divided by 33?
31
What is the remainder when 159 is divided by 24?
15
What is the remainder when 140 is divided by 25?
15
What is the remainder when 63 is divided by 27?
9
Calculate the remainder when 250 is divided by 234.
16
What is the remainder when 1187 is divided by 82?
39
What is the remainder when 703 is divided by 354?
349
What is the remainder when 211 is divided by 43?
39
Calculate the remainder when 2287 is divided by 88.
87
Calculate the remainder when 396 is divided by 21.
18
Calculate the remainder when 817 is divided by 397.
23
Calculate the remainder when 857 is divided by 20.
17
Calculate the remainder when 363 is divided by 74.
67
What is the remainder when 32 is divided by 9?
5
What is the remainder when 14361 is divided by 4?
1
Calculate the remainder when 243 is divided by 33.
12
Calculate the remainder when 76 is divided by 39.
37
Calculate the remainder when 973 is divided by 240.
13
Calculate the remainder when 401 is divided by 60.
41
Calculate the remainder when 52 is divided by 10.
2
Calculate the remainder when 57 is divided by 12.
9
Calculate the remainder when 9082 is divided by 90.
82
Calculate the remainder when 3157 is divided by 9.
7
Calculate the remainder when 11712 is divided by 21.
15
Calculate the remainder when 5319 is divided by 14.
13
Calculate the remainder when 319 is divided by 14.
11
Calculate the remainder when 808 is divided by 400.
8
What is the remainder when 97 is divided by 15?
7
What is the remainder when 241 is divided by 79?
4
Calculate the remainder when 517 is divided by 48.
37
Calculate the remainder when 460 is divided by 73.
22
Calculate the remainder when 20 is divided by 11.
9
Wh